6)?
2
Let k = 381 + -77. Let u = -195 + k. What is the hundreds digit of u?
1
Suppose 3*b + 3*o - 6 - 21 = 0, -3*o - 8 = -4*b. Suppose -b*a + 0*a + 125 = 0. What is the tens digit of a?
2
Suppose 0 = -3*v - 3*v + 42. What is the tens digit of ((-10)/1)/((-2)/v)?
3
Let u(a) = 5*a**2 - 8*a + 4. Let p be (4/(-10) - 126/(-90)) + 2. What is the tens digit of u(p)?
2
Let s(n) = -n**2 + 6*n + 7. Let i(c) = c**3 - 2*c**3 - 11*c**2 - 13 + 7*c + 3*c**2. Let t be i(-9). What is the tens digit of s(t)?
1
What is the units digit of 101/505 - 7548/(-10)?
5
Suppose 2*b + 0 = 4. Suppose 2*l = -b - 2. Let d = 4 + l. What is the units digit of d?
2
Let d(s) = -19*s + 5 + 4*s - 7*s**2 + 8*s**2. Let a be d(12). Let j = a + 56. What is the tens digit of j?
2
Let r = 16 + -13. Let z(l) = l**2 - 3*l + 3. Let a be z(r). Suppose 0 = -a*f - 22 + 112. What is the tens digit of f?
3
Let f(h) = -h**3 + h**2 + 9*h**2 + 0*h - 6 + 4*h**2 - 10*h. What is the tens digit of f(13)?
3
Suppose 16 = -4*k, -2*z + z - 2*k = 4. Suppose -2*t - 2*t = 2*c - z, t = -2*c - 2. Suppose -t*j = j - 36. What is the units digit of j?
2
Suppose -18*c - 2924 = -9224. What is the tens digit of c?
5
Let i = -13 + 14. Let l(b) = 118*b**2 - 1. Let r be l(i). Suppose -4*f - 3*g + r = -f, 5*g = 5*f - 195. What is the tens digit of f?
3
Let m = 0 - -12. Suppose 0 = 3*p - 4*p - 8. Let o = p + m. What is the units digit of o?
4
Let w be (-50)/(-10)*(-4)/(-10). Let x be w/(-6) + (-110)/(-15). Suppose 108 = x*p - 3*p. What is the tens digit of p?
2
Suppose -5*q + 53 = -1527. Suppose 3*g = g + q. Let n = g - 104. What is the units digit of n?
4
Let h = 93 - 77. Suppose 1404 = h*q + 2*q. What is the units digit of q?
8
Suppose 4*u = -2668 + 6744. What is the thousands digit of u?
1
Suppose w + 16 - 39 = 4*b, -4*b - 3*w = 11. Let p(z) be the second derivative of -z**3/3 - z**2/2 - 12*z. What is the units digit of p(b)?
9
Let a(c) = c**2 + 6*c - 5. Let g be a(-7). Suppose -4*u = 5*v - 16, 39 = g*u - 4*v + 5. What is the units digit of u?
9
Let g(z) = z - 2. Let n be g(8). Suppose -47*h = -51*h - 84. What is the tens digit of (-76)/n*h/14?
1
Suppose 3*h = 23 + 25. Let q = 11 - h. Let k = q - -7. What is the units digit of k?
2
Suppose -60 = -5*l + 5*c, -l + 38 = l + 5*c. Let x = 18 - l. Let y(s) = 5*s - 5. What is the tens digit of y(x)?
1
Let c(g) = 2*g**3 - g**2 + 2*g - 3. Suppose 5*q - 8 - 22 = 0. Let w be q/(-12) - (-5)/2. What is the tens digit of c(w)?
1
What is the hundreds digit of (-24)/(1 - (585/190 + -2))?
3
Suppose 0*h + 2*h - 3*i - 2086 = 0, -2*i = 2*h - 2106. What is the hundreds digit of h?
0
Let o(y) = -24*y + 60. What is the tens digit of o(-11)?
2
Suppose 6*m = 7*m - 5. Suppose m*t - 538 = b, 0*t - 4*b = -3*t + 316. What is the tens digit of t?
0
Let i be (4/(-2))/(14/(-35)). Suppose -4*h + 14 = -7*h - 5*w, 5*h - i*w = 30. Suppose -35 = -3*y + h*q, -4*y + 9*y + 3*q - 33 = 0. What is the units digit of y?
9
Suppose 0 = 4*o - 20, -19*o + 4048 = x - 14*o. What is the tens digit of x?
2
Let k(s) = 36*s. Let g be k(3). Suppose -33*i + 29*i = -g. What is the tens digit of (-3)/((-57)/i - -2)?
2
Let a = 2173 + -1590. What is the tens digit of a?
8
Let l = 3 + -3. Let r(f) = -f + 1. Let m(n) = -5*n + 48. Let k(s) = m(s) - 3*r(s). What is the tens digit of k(l)?
4
Suppose 4*d - 13 = -3*n, 2*n - 4*n - 24 = -2*d. Let q(j) = -j**3 + 6*j**2 + 7*j + 16. What is the tens digit of q(d)?
1
Suppose -3*z = 5*s - 7*z + 193, -4*z = -2*s - 82. Let u = s - -172. Suppose -5*y + u = 4*j, -5*j + 120 = y - 33. What is the tens digit of j?
3
Suppose 2*q - 45 = -137. Let a = q - -67. Let s = a + -4. What is the units digit of s?
7
Let q(d) = -d + 12. Let w be q(5). Let a = -2 + w. Suppose 3*u + a*v = 42, -14 = -u + 7*v - 2*v. What is the units digit of u?
4
Suppose 8*g - 117 = -5*g. Suppose g*c - 21 = 78. What is the units digit of c?
1
Suppose -2*m - 2*m + 440 = 0. Let d = -44 + m. What is the units digit of d?
6
Let s be 64/(-6)*9/(-6). Let t = 22 - s. Let z = 1 + t. What is the units digit of z?
7
What is the hundreds digit of (-1861 - -131)*4/(-5)?
3
Suppose -156 - 1510 = -7*i. Let d = i - 151. What is the units digit of d?
7
Let x = -6 + 8. Suppose 14 = -x*s + 36. Let r(u) = 4*u - 11. What is the units digit of r(s)?
3
Suppose 7*a - 17984 = -9*a. Suppose 0 = -5*t + 4*n + 1414, 4*t + 6*n - 2*n = a. What is the hundreds digit of t?
2
Suppose -5*m - 125 - 104 = 2*i, i = -5*m - 112. What is the tens digit of 6 + (-12)/4 - i?
2
Let u(q) = q**3 - 15*q**2 + 7*q - 11. Let y be u(15). Let n = 133 - y. What is the tens digit of n?
3
Let s = 60 - 37. Suppose c - s = 24. What is the units digit of c?
7
Suppose -2*j - 4*d = -7060, -4889 - 9211 = -4*j - 3*d. What is the hundreds digit of j?
5
Suppose -3*i - f + 366 = 0, 118 = i - 2*f - 4. What is the tens digit of (-1 - 4) + i + -5?
1
Let g = -24 + -12. Let x = 124 - g. What is the tens digit of x?
6
Let b(q) = -q. Let p(f) = 3*f. Let w(c) = -7*b(c) - 4*p(c). Let g be w(-1). What is the units digit of g/((-3)/(-3*5))?
5
Let l = -511 - -842. Suppose 7*c - 1370 = l. What is the tens digit of c?
4
Suppose 90 = 3*i - 5*m, 5*i + 0*m - 2*m = 169. What is the units digit of i?
5
Let m(g) = g**2 + 14*g + 8. Suppose b + 0*b - 180 = -5*j, 5*j + 2*b = 180. Let y = j - 50. What is the units digit of m(y)?
8
Suppose -2*y + 28 = 4*v, -3*y + 3*v + 3 = 6. Suppose 2*g + g - 5 = -4*x, y*g + 5*x = 7. What is the units digit of g?
3
Let n = 489 - 287. What is the hundreds digit of n?
2
Let s = 3141 - 1544. What is the thousands digit of s?
1
Suppose -33*j + 26332 + 14522 = 0. What is the tens digit of j?
3
Let v(r) = -11*r - 43. What is the tens digit of v(-33)?
2
Let q = -295 + 373. What is the tens digit of q?
7
What is the tens digit of 0 + (419 - (3 + -1 + -3))?
2
Suppose 3*o = 2*m - 38 - 645, 2*m + 3*o - 689 = 0. Let f = -153 + m. What is the tens digit of f?
9
Let m(n) = -44*n - 79. What is the units digit of m(-18)?
3
Let w = 197 - 126. Let f = w + 144. Suppose 0*u = -2*k + 5*u + 107, -5*k - 5*u = -f. What is the units digit of k?
6
Let c be 0 + -5 + ((-25)/(-5) - 0). Let f(t) = -t + t**3 - 6 + 39 - 1. What is the tens digit of f(c)?
3
Suppose -53604 = -32*a - 7204. What is the tens digit of a?
5
Suppose 920 = 5*w + 4*p, 2*p - 3*p = 2*w - 365. What is the hundreds digit of w?
1
Suppose -y = -3*w - 33, 5*w + y = -2*y - 55. Let k be (-1 - 3)/(w/22). Let f = 18 - k. What is the units digit of f?
0
Let t(d) = d**3 - 4*d**2 - 10*d - 13. What is the hundreds digit of t(11)?
7
Suppose -9*c + 4480 = 5*c. What is the units digit of c?
0
Let b(w) = 8*w**2 + 3*w - 3. Suppose -2*d - 1 = -d - 2*c, -4 = 4*c. What is the tens digit of b(d)?
6
Let r be (-5)/5 + (0 - -269). Suppose -2*v - 2*v + r = 0. What is the tens digit of v?
6
Let i(v) = -22*v + 14. Let j be i(3). What is the tens digit of -1 - j - 0/(1*-2)?
5
Suppose -4915 - 2195 = -15*p. What is the hundreds digit of p?
4
Let q = 214 - 385. Let w = -47 - q. What is the hundreds digit of w?
1
Suppose -3*u = -s + 53, -5*s + 246 - 41 = 5*u. Let g = s - -29. What is the tens digit of g?
7
Suppose 7*t + 671 = -274. Let c = -79 - t. What is the units digit of c?
6
Let u(t) = t + 32. Suppose 94 = -5*c - 3*v, 0 = 3*c + 2*v + 38 + 19. Let a = -17 - c. What is the units digit of u(a)?
2
Let y(t) = 25*t**3 - 2*t**2 + 2*t - 3. Let m be y(2). Suppose -m = -8*s + 231. What is the tens digit of s?
5
Suppose 0*u - 5*u = -150. Suppose 0*o + 6 = o + 5*y, -3*y = 5*o - u. Suppose 4*n + 64 = o*n. What is the tens digit of n?
3
Suppose -1666 = 12*o - 19*o. What is the hundreds digit of o?
2
Suppose 7928 = 4*v + 4*f - 5324, -4*f = 2*v - 6626. What is the units digit of v?
3
Let o(j) = j**2 - 13*j + 8. Let i be o(7). Let b = 24 - i. What is the tens digit of b?
5
Suppose -k + 21 = -4*c - 6, -c = 5*k + 33. What is the hundreds digit of -1*(11/44 + 1370/c)?
1
Let a be -1 - ((-4)/(-10))/(2/5). Let n(w) = 23*w**2 - 7*w - 5. What is the hundreds digit of n(a)?
1
Suppose 0 = 3*f - 1132 - 53. What is the tens digit of f?
9
Suppose 13056 = 2*j + 3*a + 4262, a + 8786 = 2*j. What is the tens digit of j?
9
Let l(t) = t**2 + 6*t + 2. Suppose -24 = 5*d - d. Let a be l(d). Suppose a*z = -z + 45. What is the units digit of z?
5
Suppose 5*o = 7*o + 2. Let c(l) = -16*l - 5. Let x(t) = -8*t 